{"id":8,"date":"2014-04-23T13:41:19","date_gmt":"2014-04-23T12:41:19","guid":{"rendered":"http:\/\/www.afp-germesdespoir.fr\/?page_id=8"},"modified":"2016-08-29T10:16:48","modified_gmt":"2016-08-29T09:16:48","slug":"presentation","status":"publish","type":"page","link":"https:\/\/www.afp-germesdespoir.fr\/index.php\/presentation\/","title":{"rendered":"Pr\u00e9sentation"},"content":{"rendered":"<div id=\"pl-8\"  class=\"panel-layout\" ><div id=\"pg-8-0\"  class=\"panel-grid panel-no-style\" ><div id=\"pgc-8-0-0\"  class=\"panel-grid-cell\" ><div id=\"panel-8-0-0-0\" class=\"so-panel widget widget_black-studio-tinymce widget_black_studio_tinymce panel-first-child panel-last-child\" data-index=\"0\" ><h3 class=\"widget-title\">Pr\u00e9sentation de l&rsquo;AFP \u00ab\u00a0Germes d&rsquo;Espoir\u00a0\u00bb<\/h3><div class=\"textwidget\"><p>l'AFP \"Germes d'Espoir\" est une association sans but lucratif, de droit local dont le si\u00e8ge social est situ\u00e9 \u00e0 : STRASBOURG - 67000<br \/> Association inscrite au Registre des Associations du Bas-Rhin, Volume 91 Folio 177<\/p>\n<p>L'association a pour objet la d\u00e9fense de l'ensemble des int\u00e9r\u00eats mat\u00e9riels, financiers, moraux des familles r\u00e9sidant principalement dans le d\u00e9partement du Bas-Rhin et, plus sp\u00e9cialement, de celles dont les membres adh\u00e8rent \u00e0 l\u2019association.<\/p>\n<p>L\u2019AFP \"Germes d'Espoir\" est membre de la F\u00e9d\u00e9ration Nationale des Associations Familiales Protestantes, \" A.F.P.\" (mouvement familial membre de l\u2019UNAF) dont elle fait siens les principes \u00e9nonc\u00e9s dans les statuts, la convention et la Charte.<\/p>\n<p>L\u2019AFP \"Germes d'Espoir\" est membre de l\u2019Union D\u00e9partementale des Association Familiales \/ UDAF 67.<br \/> Soucieuse de l\u2019\u00e9panouissement individuel de chaque membre d\u2019une famille, l\u2019AFP \"Germes d'Espoir\" exclut toute forme de discrimination fond\u00e9e, notamment sur la couleur, le sexe, la langue, la religion, l\u2019opinion politique ou toute autre opinion, l\u2019origine nationale ou sociale, la fortune, la naissance ou toute autre situation (art.2-al.1 de la D\u00e9claration Universelle des Droits de l\u2019Homme).<\/p>\n<p>L\u2019AFP \"Germes d'Espoir\" agit en direction des familles de chacun des membres qui la compose.<br \/> Elle agit pour elles, pour chacun de ses membres.<\/p>\n<p>\u00a0<\/p>\n<\/div><\/div><\/div><\/div><\/div>","protected":false},"excerpt":{"rendered":"<p>l&rsquo;AFP \u00ab\u00a0Germes d&rsquo;Espoir\u00a0\u00bb est une association sans but lucratif, de droit local dont le si\u00e8ge social est situ\u00e9 \u00e0 : STRASBOURG &#8211; 67000 Association inscrite au Registre des Associations du Bas-Rhin, Volume 91 Folio 177L&rsquo;association a pour objet la d\u00e9fense de l&rsquo;ensemble des int\u00e9r\u00eats mat\u00e9riels, financiers, moraux des familles r\u00e9sidant principalement dans le d\u00e9partement du [&hellip;]<\/p>\n","protected":false},"author":1,"featured_media":0,"parent":0,"menu_order":0,"comment_status":"closed","ping_status":"open","template":"","meta":{"footnotes":""},"class_list":["post-8","page","type-page","status-publish","hentry","post"],"_links":{"self":[{"href":"https:\/\/www.afp-germesdespoir.fr\/index.php\/wp-json\/wp\/v2\/pages\/8","targetHints":{"allow":["GET"]}}],"collection":[{"href":"https:\/\/www.afp-germesdespoir.fr\/index.php\/wp-json\/wp\/v2\/pages"}],"about":[{"href":"https:\/\/www.afp-germesdespoir.fr\/index.php\/wp-json\/wp\/v2\/types\/page"}],"author":[{"embeddable":true,"href":"https:\/\/www.afp-germesdespoir.fr\/index.php\/wp-json\/wp\/v2\/users\/1"}],"replies":[{"embeddable":true,"href":"https:\/\/www.afp-germesdespoir.fr\/index.php\/wp-json\/wp\/v2\/comments?post=8"}],"version-history":[{"count":5,"href":"https:\/\/www.afp-germesdespoir.fr\/index.php\/wp-json\/wp\/v2\/pages\/8\/revisions"}],"predecessor-version":[{"id":179,"href":"https:\/\/www.afp-germesdespoir.fr\/index.php\/wp-json\/wp\/v2\/pages\/8\/revisions\/179"}],"wp:attachment":[{"href":"https:\/\/www.afp-germesdespoir.fr\/index.php\/wp-json\/wp\/v2\/media?parent=8"}],"curies":[{"name":"wp","href":"https:\/\/api.w.org\/{rel}","templated":true}]}}