{"id":14,"date":"2014-04-23T13:43:16","date_gmt":"2014-04-23T12:43:16","guid":{"rendered":"http:\/\/www.afp-germesdespoir.fr\/?page_id=14"},"modified":"2016-08-29T10:12:50","modified_gmt":"2016-08-29T09:12:50","slug":"charte-afp","status":"publish","type":"page","link":"https:\/\/www.afp-germesdespoir.fr\/index.php\/charte-afp\/","title":{"rendered":"Charte AFP"},"content":{"rendered":"<div id=\"pl-14\"  class=\"panel-layout\" ><div id=\"pg-14-0\"  class=\"panel-grid panel-no-style\" ><div id=\"pgc-14-0-0\"  class=\"panel-grid-cell\" ><div id=\"panel-14-0-0-0\" class=\"so-panel widget widget_origin_list panel-first-child\" data-index=\"0\" ><div class=\"origin-widget origin-widget-list origin-widget-list-simple-charcoal\"><h3 class=\"widget-title\">La charte des Associations Familiales Protestantes se fonde sur :<\/h3><ul>\n<li> Le primat du b\u00e9n\u00e9volat et de la gratuit\u00e9 comme crit\u00e8re d\u2019authenticit\u00e9 associative.<\/li>\n<li> La famille fond\u00e9e sur le mariage, un homme et une femme, comme mod\u00e8le juridique le plus favorable \u00e0 la transmission entre g\u00e9n\u00e9rations, \u00e0 la protection du plus faible et \u00e0 la recherche du bonheur.<\/li>\n<li> Les grandes affirmations de la R\u00e9forme, l\u2019Ecriture,<\/li>\n<li> la Gr\u00e2ce, la Foi, seules comme essence du protestantisme.<\/li>\n<\/ul>\n<\/div><\/div><div id=\"panel-14-0-0-1\" class=\"so-panel widget widget_black-studio-tinymce widget_black_studio_tinymce panel-last-child\" data-index=\"1\" ><div class=\"textwidget\"><p><span style=\"font-size: 12pt;\"><strong><span style=\"font-family: verdana,geneva;\">Ces principes nourrissent une d\u00e9marche d\u2019entraide familiale en liaison avec les \u00e9glises - paroisses.<\/span><\/strong><\/span><\/p>\n<\/div><\/div><\/div><\/div><\/div>","protected":false},"excerpt":{"rendered":"<p>Ces principes nourrissent une d\u00e9marche d\u2019entraide familiale en liaison avec les \u00e9glises &#8211; paroisses.<\/p>\n","protected":false},"author":1,"featured_media":0,"parent":0,"menu_order":0,"comment_status":"closed","ping_status":"open","template":"","meta":{"footnotes":""},"class_list":["post-14","page","type-page","status-publish","hentry","post"],"_links":{"self":[{"href":"https:\/\/www.afp-germesdespoir.fr\/index.php\/wp-json\/wp\/v2\/pages\/14","targetHints":{"allow":["GET"]}}],"collection":[{"href":"https:\/\/www.afp-germesdespoir.fr\/index.php\/wp-json\/wp\/v2\/pages"}],"about":[{"href":"https:\/\/www.afp-germesdespoir.fr\/index.php\/wp-json\/wp\/v2\/types\/page"}],"author":[{"embeddable":true,"href":"https:\/\/www.afp-germesdespoir.fr\/index.php\/wp-json\/wp\/v2\/users\/1"}],"replies":[{"embeddable":true,"href":"https:\/\/www.afp-germesdespoir.fr\/index.php\/wp-json\/wp\/v2\/comments?post=14"}],"version-history":[{"count":5,"href":"https:\/\/www.afp-germesdespoir.fr\/index.php\/wp-json\/wp\/v2\/pages\/14\/revisions"}],"predecessor-version":[{"id":286,"href":"https:\/\/www.afp-germesdespoir.fr\/index.php\/wp-json\/wp\/v2\/pages\/14\/revisions\/286"}],"wp:attachment":[{"href":"https:\/\/www.afp-germesdespoir.fr\/index.php\/wp-json\/wp\/v2\/media?parent=14"}],"curies":[{"name":"wp","href":"https:\/\/api.w.org\/{rel}","templated":true}]}}